10:06:41 T:3048630160 M:1838202880 DEBUG: Load lastfm-hate-focus.png: 0.2ms (bundled)
10:06:41 T:3048630160 M:1838202880 DEBUG: Load lastfm-hate-nofocus.png: 0.2ms (bundled)
10:06:41 T:3048630160 M:1838202880 DEBUG: Alloc resources: 64.17ms (53.89 ms skin load, 0.42 ms preload)
10:06:41 T:3048630160 M:1838202880 DEBUG: CGUIMediaWindow::GetDirectory ()
10:06:41 T:3048630160 M:1838202880 DEBUG: ParentPath = []
10:06:41 T:2814663568 M:1838202880 DEBUG: Running thread 2814663568
10:06:41 T:2814663568 M:1838202880 DEBUG: thread start, auto delete: 0
10:06:41 T:2814663568 M:1838202880 DEBUG: Saving fileitems []
10:06:41 T:2814663568 M:1838202880 DEBUG: -- items: 3, sort method: 0, ascending: false
10:06:41 T:2814663568 M:1838202880 DEBUG: Thread 2814663568 terminating
10:06:41 T:3048630160 M:1838202880 DEBUG: RetrieveMusicInfo() took 18 msec
10:06:41 T:3048630160 M:1838202880 DEBUG: Sort, sorting took 0 millis
10:06:41 T:2848234384 M:1838129152 DEBUG: Running thread 2848234384
10:06:41 T:2848234384 M:1838129152 DEBUG: thread start, auto delete: 0
10:06:41 T:2848234384 M:1838129152 DEBUG: Thread 2848234384 terminating
10:06:41 T:3048630160 M:1834291200 DEBUG: Load Background.png: 36.0ms (bundled)
10:06:41 T:3048630160 M:1835016192 DEBUG: Load Panel.png: 1.3ms (bundled)
10:06:41 T:3048630160 M:1835016192 DEBUG: Load defaultHardDiskBig.png: 1.9ms (bundled)
10:06:41 T:3048630160 M:1835016192 DEBUG: Load DefaultAddSource.png: 1.7ms (bundled)
10:06:41 T:3048630160 M:1835016192 DEBUG: Load list-focus.png: 0.0ms (bundled)
10:06:41 T:3048630160 M:1834070016 DEBUG: Load Header.png: 5.3ms (bundled)
10:06:43 T:3048630160 M:1834242048 DEBUG: SDLKeyboard: scancode: 36, sym: 13, unicode: 13, modifier: 0
10:06:43 T:3048630160 M:1834242048 DEBUG: OnKey: 61453 pressed, action is 7
10:06:43 T:3048630160 M:1834242048 DEBUG: Clearing cached fileitems [/home/MediaStor-1/]
10:06:43 T:3048630160 M:1834242048 DEBUG: CGUIMediaWindow::GetDirectory (/home/MediaStor-1/)
10:06:43 T:3048630160 M:1834242048 DEBUG: ParentPath = []
10:06:43 T:3048630160 M:1834242048 DEBUG: RetrieveMusicInfo() took 0 msec
10:06:43 T:3048630160 M:1834242048 DEBUG: Sort, sorting took 0 millis
10:06:43 T:2848234384 M:1834242048 DEBUG: Running thread 2848234384
10:06:43 T:2848234384 M:1834242048 DEBUG: thread start, auto delete: 0
10:06:43 T:3048630160 M:1834242048 DEBUG: Load defaultFolderBig.png: 1.2ms (bundled)
10:06:43 T:2848234384 M:1834242048 DEBUG: Thread 2848234384 terminating
10:06:43 T:3048630160 M:1834242048 DEBUG: Load list-focus.png: 0.0ms (bundled)
10:06:43 T:3048630160 M:1834242048 DEBUG: Load defaultFolderBackBig.png: 1.1ms (bundled)
10:06:43 T:3048630160 M:1834250240 DEBUG: SDLKeyboard: scancode: 116, sym: 274, unicode: 0, modifier: 0
10:06:43 T:3048630160 M:1834250240 DEBUG: OnKey: 61480 pressed, action is 4
10:06:44 T:3048630160 M:1834250240 DEBUG: SDLKeyboard: scancode: 116, sym: 274, unicode: 0, modifier: 0
10:06:44 T:3048630160 M:1834250240 DEBUG: OnKey: 61480 pressed, action is 4
10:06:44 T:3048630160 M:1834250240 DEBUG: SDLKeyboard: scancode: 36, sym: 13, unicode: 13, modifier: 0
10:06:44 T:3048630160 M:1834250240 DEBUG: OnKey: 61453 pressed, action is 7
10:06:44 T:3048630160 M:1834250240 DEBUG: Clearing cached fileitems [/home/MediaStor-1/Music/]
10:06:44 T:3048630160 M:1834250240 DEBUG: CGUIMediaWindow::GetDirectory (/home/MediaStor-1/Music/)
10:06:44 T:3048630160 M:1834250240 DEBUG: ParentPath = [/home/MediaStor-1/]
10:06:44 T:2814663568 M:1834250240 DEBUG: Running thread 2814663568
10:06:44 T:2814663568 M:1834250240 DEBUG: thread start, auto delete: 0
10:06:44 T:2814663568 M:1818898432 DEBUG: CFileCache::Open - opening using cache
10:06:44 T:2831448976 M:1818812416 DEBUG: Running thread 2831448976
10:06:44 T:2831448976 M:1818812416 DEBUG: thread start, auto delete: 0
10:06:44 T:2831448976 M:1819418624 DEBUG: Thread 2831448976 terminating
10:06:44 T:2814663568 M:1819557888 DEBUG: CFileCache::Open - opening using cache
10:06:44 T:2831448976 M:1819557888 DEBUG: Running thread 2831448976
10:06:44 T:2831448976 M:1819557888 DEBUG: thread start, auto delete: 0
10:06:45 T:2831448976 M:1817464832 DEBUG: Thread 2831448976 terminating
10:06:45 T:2814663568 M:1833115648 DEBUG: Saving fileitems [/home/MediaStor-1/Music/]
10:06:45 T:2814663568 M:1833115648 DEBUG: -- items: 5, sort method: 0, ascending: false
10:06:45 T:2814663568 M:1833115648 DEBUG: Thread 2814663568 terminating
10:06:45 T:3048630160 M:1833115648 DEBUG: RetrieveMusicInfo() took 185 msec
10:06:45 T:3048630160 M:1833185280 DEBUG: Sort, sorting took 0 millis
10:06:45 T:2848234384 M:1833185280 DEBUG: Running thread 2848234384
10:06:45 T:2848234384 M:1833185280 DEBUG: thread start, auto delete: 0
10:06:45 T:3048630160 M:1833185280 DEBUG: Load defaultFolderBig.png: 1.2ms (bundled)
10:06:45 T:2848234384 M:1833312256 DEBUG: Thread 2848234384 terminating
10:06:45 T:3048630160 M:1833312256 DEBUG: Load defaultAudioBig.png: 2.1ms (bundled)
10:06:45 T:3048630160 M:1833312256 DEBUG: Load list-focus.png: 0.1ms (bundled)
10:06:45 T:3048630160 M:1833312256 DEBUG: Load defaultFolderBackBig.png: 1.1ms (bundled)
10:06:48 T:3048630160 M:1833373696 DEBUG: SDLKeyboard: scancode: 116, sym: 274, unicode: 0, modifier: 0
10:06:48 T:3048630160 M:1833373696 DEBUG: OnKey: 61480 pressed, action is 4
10:06:48 T:3048630160 M:1833373696 DEBUG: SDLKeyboard: scancode: 116, sym: 274, unicode: 0, modifier: 0
10:06:48 T:3048630160 M:1833373696 DEBUG: OnKey: 61480 pressed, action is 4
10:06:49 T:3048630160 M:1833390080 DEBUG: SDLKeyboard: scancode: 116, sym: 274, unicode: 0, modifier: 0
10:06:49 T:3048630160 M:1833390080 DEBUG: OnKey: 61480 pressed, action is 4
10:06:50 T:3048630160 M:1833390080 DEBUG: SDLKeyboard: scancode: 111, sym: 273, unicode: 0, modifier: 0
10:06:50 T:3048630160 M:1833390080 DEBUG: OnKey: 61478 pressed, action is 3
10:06:50 T:3048630160 M:1833390080 DEBUG: SDLKeyboard: scancode: 111, sym: 273, unicode: 0, modifier: 0
10:06:50 T:3048630160 M:1833390080 DEBUG: OnKey: 61478 pressed, action is 3
10:06:51 T:3048630160 M:1833390080 DEBUG: SDLKeyboard: scancode: 36, sym: 13, unicode: 13, modifier: 0
10:06:51 T:3048630160 M:1833390080 DEBUG: OnKey: 61453 pressed, action is 7
10:06:51 T:3048630160 M:1833390080 DEBUG: Clearing cached fileitems [/home/MediaStor-1/Music/Rush anthology/]
10:06:51 T:3048630160 M:1833476096 DEBUG: CGUIMediaWindow::GetDirectory (/home/MediaStor-1/Music/Rush anthology/)
10:06:51 T:3048630160 M:1833476096 DEBUG: ParentPath = [/home/MediaStor-1/Music/]
10:06:51 T:3048630160 M:1833476096 DEBUG: RetrieveMusicInfo() took 0 msec
10:06:51 T:3048630160 M:1833476096 DEBUG: Sort, sorting took 0 millis
10:06:51 T:2848234384 M:1833476096 DEBUG: Running thread 2848234384
10:06:51 T:2848234384 M:1833476096 DEBUG: thread start, auto delete: 0
10:06:51 T:2823056272 M:1833476096 DEBUG: Running thread 2823056272
10:06:51 T:2823056272 M:1833476096 DEBUG: thread start, auto delete: 0
10:06:51 T:2831448976 M:1833476096 DEBUG: Running thread 2831448976
10:06:51 T:2831448976 M:1833476096 DEBUG: thread start, auto delete: 0
10:06:51 T:2823056272 M:1833476096 DEBUG: Thread 2823056272 terminating
10:06:51 T:2831448976 M:1833476096 DEBUG: Thread 2831448976 terminating
10:06:51 T:2848234384 M:1833476096 DEBUG: Thread 2848234384 terminating
10:06:51 T:3048630160 M:1833476096 DEBUG: Load defaultFolderBig.png: 1.2ms (bundled)
10:06:51 T:3048630160 M:1833476096 DEBUG: Load list-focus.png: 0.1ms (bundled)
10:06:51 T:3048630160 M:1833476096 DEBUG: Load defaultFolderBackBig.png: 0.9ms (bundled)
10:06:52 T:3048630160 M:1833517056 DEBUG: SDLKeyboard: scancode: 116, sym: 274, unicode: 0, modifier: 0
10:06:52 T:3048630160 M:1833517056 DEBUG: OnKey: 61480 pressed, action is 4
10:06:54 T:3048630160 M:1833525248 DEBUG: SDLKeyboard: scancode: 36, sym: 13, unicode: 13, modifier: 0
10:06:54 T:3048630160 M:1833525248 DEBUG: OnKey: 61453 pressed, action is 7
10:06:54 T:3048630160 M:1833525248 DEBUG: Clearing cached fileitems [/home/MediaStor-1/Music/Rush anthology/2112/]
10:06:54 T:3048630160 M:1833594880 DEBUG: CGUIMediaWindow::GetDirectory (/home/MediaStor-1/Music/Rush anthology/2112/)
10:06:54 T:3048630160 M:1833594880 DEBUG: ParentPath = [/home/MediaStor-1/Music/Rush anthology/]
10:06:54 T:2814663568 M:1833594880 DEBUG: Running thread 2814663568
10:06:54 T:2814663568 M:1833594880 DEBUG: thread start, auto delete: 0
10:06:54 T:2814663568 M:1818267648 DEBUG: CFileCache::Open - opening using cache
10:06:54 T:2770320272 M:1818267648 DEBUG: Running thread 2770320272
10:06:54 T:2770320272 M:1818267648 DEBUG: thread start, auto delete: 0
10:06:55 T:2770320272 M:1818079232 DEBUG: Thread 2770320272 terminating
10:06:55 T:2814663568 M:1819246592 DEBUG: CFileCache::Open - opening using cache
10:06:55 T:2770320272 M:1819246592 DEBUG: Running thread 2770320272
10:06:55 T:2770320272 M:1819246592 DEBUG: thread start, auto delete: 0
10:06:55 T:2770320272 M:1818705920 DEBUG: Thread 2770320272 terminating
10:06:55 T:2814663568 M:1818705920 DEBUG: CFileCache::Open - opening using cache
10:06:55 T:2770320272 M:1818705920 DEBUG: Running thread 2770320272
10:06:55 T:2770320272 M:1818705920 DEBUG: thread start, auto delete: 0
10:06:55 T:2770320272 M:1818349568 DEBUG: Thread 2770320272 terminating
10:06:55 T:2814663568 M:1818566656 DEBUG: CFileCache::Open - opening using cache
10:06:55 T:2770320272 M:1818566656 DEBUG: Running thread 2770320272
10:06:55 T:2770320272 M:1818566656 DEBUG: thread start, auto delete: 0
10:06:55 T:2770320272 M:1817505792 DEBUG: Thread 2770320272 terminating
10:06:55 T:2814663568 M:1817849856 DEBUG: CFileCache::Open - opening using cache
10:06:55 T:2770320272 M:1817849856 DEBUG: Running thread 2770320272
10:06:55 T:2770320272 M:1817849856 DEBUG: thread start, auto delete: 0
10:06:55 T:2770320272 M:1818509312 DEBUG: Thread 2770320272 terminating
10:06:55 T:2814663568 M:1818509312 DEBUG: CFileCache::Open - opening using cache
10:06:55 T:2770320272 M:1818509312 DEBUG: Running thread 2770320272
10:06:55 T:2770320272 M:1818509312 DEBUG: thread start, auto delete: 0
10:06:55 T:2770320272 M:1817030656 DEBUG: Thread 2770320272 terminating
10:06:55 T:2814663568 M:1832857600 DEBUG: Saving fileitems [/home/MediaStor-1/Music/Rush anthology/2112/]
10:06:55 T:2814663568 M:1832857600 DEBUG: -- items: 7, sort method: 0, ascending: false
10:06:55 T:2814663568 M:1832857600 DEBUG: Thread 2814663568 terminating
10:06:55 T:3048630160 M:1832857600 DEBUG: RetrieveMusicInfo() took 553 msec
10:06:55 T:3048630160 M:1832857600 DEBUG: Sort, sorting took 0 millis
10:06:55 T:2831448976 M:1832857600 DEBUG: Running thread 2831448976
10:06:55 T:2831448976 M:1832857600 DEBUG: thread start, auto delete: 0
10:06:55 T:2823056272 M:1832857600 DEBUG: Running thread 2823056272
10:06:55 T:2823056272 M:1832857600 DEBUG: thread start, auto delete: 0
10:06:55 T:2831448976 M:1832857600 DEBUG: Thread 2831448976 terminating
10:06:55 T:2823056272 M:1832857600 DEBUG: Thread 2823056272 terminating
10:06:55 T:3048630160 M:1832857600 DEBUG: Load defaultAudioBig.png: 2.3ms (bundled)
10:06:55 T:3048630160 M:1832857600 DEBUG: Load list-focus.png: 0.1ms (bundled)
10:06:55 T:3048630160 M:1832857600 DEBUG: Load defaultFolderBackBig.png: 0.9ms (bundled)
10:06:56 T:3048630160 M:1833005056 DEBUG: SDLKeyboard: scancode: 116, sym: 274, unicode: 0, modifier: 0
10:06:56 T:3048630160 M:1833005056 DEBUG: OnKey: 61480 pressed, action is 4
10:06:57 T:3048630160 M:1833013248 DEBUG: SDLKeyboard: scancode: 116, sym: 274, unicode: 0, modifier: 0
10:06:57 T:3048630160 M:1833013248 DEBUG: OnKey: 61480 pressed, action is 4
10:07:00 T:3048630160 M:1833013248 DEBUG: SECTION:UnloadDelayed(DLL: special://xbmc/system/players/dvdplayer/avformat-52-i486-linux.so)
10:07:00 T:3048630160 M:1833013248 DEBUG: Unloading: avformat-52-i486-linux.so
10:07:01 T:3048630160 M:1833525248 DEBUG: SDLKeyboard: scancode: 36, sym: 13, unicode: 13, modifier: 0
10:07:01 T:3048630160 M:1833525248 DEBUG: OnKey: 61453 pressed, action is 7
10:07:01 T:3048630160 M:1833525248 DEBUG: new file set audiostream:0
10:07:01 T:3048630160 M:1833525248 DEBUG: CPlayerCoreFactory::GetPlayers(/home/MediaStor-1/Music/Rush anthology/2112/[04]02 - A Passage To Bangkok.wav)
10:07:01 T:3048630160 M:1817526272 DEBUG: CFileCache::Open - opening using cache
10:07:01 T:2848234384 M:1817526272 DEBUG: Running thread 2848234384
10:07:01 T:2848234384 M:1817526272 DEBUG: thread start, auto delete: 0
10:07:01 T:3048630160 M:1817526272 DEBUG: SECTION:LoadDLL(special://xbmc/system/players/dvdplayer/libdts-i486-linux.so)
10:07:01 T:3048630160 M:1817526272 DEBUG: Loading: /usr/share/xbmc/system/players/dvdplayer/libdts-i486-linux.so
10:07:01 T:3048630160 M:1817821184 INFO: PAPlayer: Playing /home/MediaStor-1/Music/Rush anthology/2112/[04]02 - A Passage To Bangkok.wav
10:07:01 T:3048630160 M:1817821184 DEBUG: PulseAudio: Opening Channels: 6 - SampleRate: 44100 - SampleBit: 16 - Resample false - Codec - IsMusic true - IsPassthrough false - audioHost: default - audioDevice: default
10:07:01 T:3048630160 M:1822056448 DEBUG: PulseAudio: Context authorizing
10:07:01 T:3048630160 M:1822056448 DEBUG: PulseAudio: Context setting name
10:07:01 T:3048630160 M:1822056448 DEBUG: PulseAudio: Context ready
10:07:01 T:3048630160 M:1822056448 DEBUG: PulseAudio: Stream ready
10:07:01 T:3048630160 M:1822056448 DEBUG: PulseAudio: Default buffer attributes, maxlength=4194312, tlength=132300, prebuf=121728, minreq=10584
10:07:01 T:3048630160 M:1822056448 DEBUG: PulseAudio: Choosen buffer attributes, maxlength=4194312, tlength=132300, prebuf=105840, minreq=10584
10:07:01 T:3022240656 M:1822056448 DEBUG: Running thread 3022240656
10:07:01 T:3022240656 M:1822056448 DEBUG: thread start, auto delete: 0
10:07:01 T:3022240656 M:1822056448 DEBUG: PAPlayer: Thread started
10:07:01 T:3022240656 M:1822056448 DEBUG: Playback has started
10:07:01 T:3048630160 M:1822056448 DEBUG: Playback has started
10:07:01 T:3048630160 M:1822056448 DEBUG: Load defaultAudioBig.png: 2.3ms (bundled)
10:07:01 T:3048630160 M:1822056448 DEBUG: Load black-back2.png: 0.7ms (bundled)
10:07:01 T:3048630160 M:1822138368 DEBUG: Load defaultAlbumCover.png: 13.1ms (bundled)
10:07:01 T:3048630160 M:1822138368 DEBUG: Load PlayerControls-RepeatNF.png: 0.1ms (bundled)
10:07:01 T:3048630160 M:1822138368 DEBUG: CGUIInfoManager::SetCurrentSong(/home/MediaStor-1/Music/Rush anthology/2112/[04]02 - A Passage To Bangkok.wav)
10:07:01 T:3048630160 M:1822138368 DEBUG: LoadMusicTag: loading tag information for file: /home/MediaStor-1/Music/Rush anthology/2112/[04]02 - A Passage To Bangkok.wav
10:07:01 T:3048630160 M:1806360576 DEBUG: CFileCache::Open - opening using cache
10:07:01 T:2770320272 M:1806360576 DEBUG: Running thread 2770320272
10:07:01 T:2770320272 M:1806360576 DEBUG: thread start, auto delete: 0
10:07:01 T:3022240656 M:1805774848 INFO: AudioDecoder: File is queued
10:07:01 T:2770320272 M:1805774848 DEBUG: Thread 2770320272 terminating
10:07:01 T:3048630160 M:1821642752 DEBUG: Loading additional tag info for file /home/MediaStor-1/Music/Rush anthology/2112/[04]02 - A Passage To Bangkok.wav
10:07:01 T:3048630160 M:1807003648 DEBUG: CFileCache::Open - opening using cache
10:07:01 T:2770320272 M:1806929920 DEBUG: Running thread 2770320272
10:07:01 T:2770320272 M:1806929920 DEBUG: thread start, auto delete: 0
10:07:01 T:2770320272 M:1806286848 DEBUG: Thread 2770320272 terminating
10:07:01 T:3048630160 M:1821618176 DEBUG: CGUIInfoManager::SetCurrentSong(/home/MediaStor-1/Music/Rush anthology/2112/[04]02 - A Passage To Bangkok.wav)
10:07:01 T:3048630160 M:1821618176 DEBUG: LoadMusicTag: loading tag information for file: /home/MediaStor-1/Music/Rush anthology/2112/[04]02 - A Passage To Bangkok.wav
10:07:01 T:3048630160 M:1806843904 DEBUG: CFileCache::Open - opening using cache
10:07:01 T:2770320272 M:1806843904 DEBUG: Running thread 2770320272
10:07:01 T:2770320272 M:1806843904 DEBUG: thread start, auto delete: 0
10:07:01 T:2770320272 M:1806286848 DEBUG: Thread 2770320272 terminating
10:07:01 T:3048630160 M:1821618176 DEBUG: Loading additional tag info for file /home/MediaStor-1/Music/Rush anthology/2112/[04]02 - A Passage To Bangkok.wav
10:07:01 T:3048630160 M:1806843904 DEBUG: CFileCache::Open - opening using cache
10:07:01 T:2770320272 M:1806843904 DEBUG: Running thread 2770320272
10:07:01 T:2770320272 M:1806843904 DEBUG: thread start, auto delete: 0
10:07:01 T:2770320272 M:1806286848 DEBUG: Thread 2770320272 terminating
10:07:01 T:3048630160 M:1821618176 DEBUG: SECTION:UnloadDelayed(DLL: special://xbmc/system/players/dvdplayer/libmpeg2-i486-linux.so)
10:07:01 T:3048630160 M:1821618176 DEBUG: Unloading: libmpeg2-i486-linux.so
10:07:02 T:3048630160 M:1821626368 DEBUG: SECTION:UnloadDelayed(DLL: special://xbmc/system/players/dvdplayer/liba52-i486-linux.so)
10:07:02 T:3048630160 M:1821626368 DEBUG: Unloading: liba52-i486-linux.so
10:07:13 T:3048630160 M:1821765632 DEBUG: SDLKeyboard: scancode: 174, sym: 0, unicode: 0, modifier: 0
10:07:13 T:3048630160 M:1821765632 DEBUG: GetActionCode: Trying Hardy keycode for 0xffb2
10:07:13 T:3048630160 M:1821765632 DEBUG: GetActionCode: Trying Hardy keycode for 0xffb2
10:07:13 T:3048630160 M:1821765632 DEBUG: GetActionCode: Trying Hardy keycode for 0xffb2
10:07:13 T:3048630160 M:1821765632 DEBUG: GetActionCode: Trying Hardy keycode for 0xffb2
10:07:13 T:3048630160 M:1821765632 DEBUG: OnKey: 65458 pressed, action is 13
10:07:13 T:3022240656 M:1821765632 INFO: PAPlayer: End of playback reached
10:07:13 T:3022240656 M:1821765632 DEBUG: Playback was stopped
10:07:13 T:3022240656 M:1821765632 DEBUG: PAPlayer: Thread end
10:07:13 T:3022240656 M:1821765632 DEBUG: Thread 3022240656 terminating
10:07:13 T:2848234384 M:1822367744 DEBUG: Thread 2848234384 terminating
10:07:14 T:3048630160 M:1838440448 DEBUG: HAL: Device (/org/freedesktop/Hal/devices/usb_device_13ec_36_noserial_if0_logicaldev_input) Condition ButtonPressed | stop-cd
10:07:15 T:3048630160 M:1838452736 DEBUG: SDLKeyboard: scancode: 22, sym: 8, unicode: 8, modifier: 0
10:07:15 T:3048630160 M:1838452736 DEBUG: OnKey: 61448 pressed, action is 9
10:07:15 T:3048630160 M:1838452736 DEBUG: CGUIMediaWindow::GetDirectory (/home/MediaStor-1/Music/Rush anthology/)
10:07:15 T:3048630160 M:1838452736 DEBUG: ParentPath = [/home/MediaStor-1/Music/]
10:07:15 T:3048630160 M:1838452736 DEBUG: RetrieveMusicInfo() took 0 msec
10:07:15 T:3048630160 M:1838452736 DEBUG: Sort, sorting took 0 millis
10:07:15 T:2831448976 M:1838452736 DEBUG: Running thread 2831448976
10:07:15 T:2831448976 M:1838452736 DEBUG: thread start, auto delete: 0
10:07:15 T:3022240656 M:1838452736 DEBUG: Running thread 3022240656
10:07:15 T:3022240656 M:1838452736 DEBUG: thread start, auto delete: 0
10:07:15 T:2823056272 M:1838452736 DEBUG: Running thread 2823056272
10:07:15 T:2823056272 M:1838452736 DEBUG: thread start, auto delete: 0
10:07:15 T:3022240656 M:1838452736 DEBUG: Thread 3022240656 terminating
10:07:15 T:2831448976 M:1838452736 DEBUG: Thread 2831448976 terminating
10:07:15 T:2823056272 M:1838452736 DEBUG: Thread 2823056272 terminating
10:07:15 T:3048630160 M:1838452736 DEBUG: Load defaultFolderBackBig.png: 0.9ms (bundled)
10:07:15 T:3048630160 M:1838452736 DEBUG: Load defaultFolderBig.png: 1.2ms (bundled)
10:07:15 T:3048630160 M:1838452736 DEBUG: Load list-focus.png: 0.1ms (bundled)
10:07:16 T:3048630160 M:1838428160 DEBUG: SDLKeyboard: scancode: 22, sym: 8, unicode: 8, modifier: 0
10:07:16 T:3048630160 M:1838428160 DEBUG: OnKey: 61448 pressed, action is 9
10:07:16 T:3048630160 M:1838428160 DEBUG: CGUIMediaWindow::GetDirectory (/home/MediaStor-1/Music/)
10:07:16 T:3048630160 M:1838428160 DEBUG: ParentPath = [/home/MediaStor-1/]
10:07:16 T:3048630160 M:1838428160 DEBUG: Loading fileitems [/home/MediaStor-1/Music/]
10:07:16 T:3048630160 M:1838428160 DEBUG: -- items: 4, directory: /home/MediaStor-1/Music/ sort method: 0, ascending: false
10:07:16 T:2814663568 M:1838428160 DEBUG: Running thread 2814663568
10:07:16 T:2814663568 M:1838428160 DEBUG: thread start, auto delete: 0
10:07:16 T:2814663568 M:1838428160 DEBUG: Loading fileitems [/home/MediaStor-1/Music/]
10:07:16 T:2814663568 M:1838428160 DEBUG: -- items: 4, directory: /home/MediaStor-1/Music/ sort method: 0, ascending: false
10:07:16 T:2814663568 M:1823117312 DEBUG: CFileCache::Open - opening using cache
10:07:16 T:2770320272 M:1823117312 DEBUG: Running thread 2770320272
10:07:16 T:2770320272 M:1823117312 DEBUG: thread start, auto delete: 0
10:07:16 T:2770320272 M:1822511104 DEBUG: Thread 2770320272 terminating
10:07:16 T:2814663568 M:1823113216 DEBUG: CFileCache::Open - opening using cache
10:07:16 T:2770320272 M:1823113216 DEBUG: Running thread 2770320272
10:07:16 T:2770320272 M:1823113216 DEBUG: thread start, auto delete: 0
10:07:16 T:2770320272 M:1822597120 DEBUG: Thread 2770320272 terminating
10:07:16 T:2814663568 M:1838338048 DEBUG: Saving fileitems [/home/MediaStor-1/Music/]
10:07:16 T:2814663568 M:1838338048 DEBUG: -- items: 5, sort method: 0, ascending: false
10:07:16 T:2814663568 M:1838338048 DEBUG: Thread 2814663568 terminating
10:07:16 T:3048630160 M:1838338048 DEBUG: RetrieveMusicInfo() took 95 msec
10:07:16 T:3048630160 M:1838338048 DEBUG: Sort, sorting took 0 millis
10:07:16 T:3022240656 M:1838338048 DEBUG: Running thread 3022240656
10:07:16 T:3022240656 M:1838338048 DEBUG: thread start, auto delete: 0
10:07:16 T:3048630160 M:1838338048 DEBUG: Load defaultFolderBackBig.png: 0.9ms (bundled)
10:07:16 T:3022240656 M:1838338048 DEBUG: Thread 3022240656 terminating
10:07:16 T:3048630160 M:1838338048 DEBUG: Load defaultFolderBig.png: 1.2ms (bundled)
10:07:16 T:3048630160 M:1838338048 DEBUG: Load defaultAudioBig.png: 2.1ms (bundled)
10:07:16 T:3048630160 M:1838338048 DEBUG: Load list-focus.png: 0.0ms (bundled)
10:07:17 T:3048630160 M:1838329856 DEBUG: SDLKeyboard: scancode: 22, sym: 8, unicode: 8, modifier: 0
10:07:17 T:3048630160 M:1838329856 DEBUG: OnKey: 61448 pressed, action is 9
10:07:17 T:3048630160 M:1838329856 DEBUG: CGUIMediaWindow::GetDirectory (/home/MediaStor-1/)
10:07:17 T:3048630160 M:1838329856 DEBUG: ParentPath = []
10:07:17 T:3048630160 M:1838329856 DEBUG: RetrieveMusicInfo() took 0 msec
10:07:17 T:3048630160 M:1838329856 DEBUG: Sort, sorting took 0 millis
10:07:17 T:3022240656 M:1838329856 DEBUG: Running thread 3022240656
10:07:17 T:3022240656 M:1838329856 DEBUG: thread start, auto delete: 0
10:07:17 T:3048630160 M:1838329856 DEBUG: Load defaultFolderBackBig.png: 0.9ms (bundled)
10:07:17 T:3022240656 M:1838329856 DEBUG: Thread 3022240656 terminating
10:07:17 T:3048630160 M:1838329856 DEBUG: Load defaultFolderBig.png: 1.4ms (bundled)
10:07:17 T:3048630160 M:1838329856 DEBUG: Load list-focus.png: 0.1ms (bundled)
10:07:17 T:3048630160 M:1838329856 DEBUG: SDLKeyboard: scancode: 22, sym: 8, unicode: 8, modifier: 0
10:07:17 T:3048630160 M:1838329856 DEBUG: OnKey: 61448 pressed, action is 9
10:07:17 T:3048630160 M:1838329856 DEBUG: CGUIMediaWindow::GetDirectory ()
10:07:17 T:3048630160 M:1838329856 DEBUG: ParentPath = []
10:07:17 T:2814663568 M:1838329856 DEBUG: Running thread 2814663568
10:07:17 T:2814663568 M:1838329856 DEBUG: thread start, auto delete: 0
10:07:17 T:2814663568 M:1838329856 DEBUG: Loading fileitems []
10:07:17 T:2814663568 M:1838329856 DEBUG: -- items: 3, directory: sort method: 0, ascending: false
10:07:17 T:2814663568 M:1838329856 DEBUG: Saving fileitems []
10:07:17 T:2814663568 M:1838329856 DEBUG: -- items: 3, sort method: 0, ascending: false
10:07:17 T:2814663568 M:1838329856 DEBUG: Thread 2814663568 terminating
10:07:17 T:3048630160 M:1838329856 DEBUG: RetrieveMusicInfo() took 11 msec
10:07:17 T:3048630160 M:1838329856 DEBUG: Sort, sorting took 0 millis
10:07:17 T:3022240656 M:1838329856 DEBUG: Running thread 3022240656
10:07:17 T:3022240656 M:1838329856 DEBUG: thread start, auto delete: 0
10:07:17 T:3022240656 M:1838329856 DEBUG: Thread 3022240656 terminating
10:07:17 T:3048630160 M:1838329856 DEBUG: Load defaultHardDiskBig.png: 1.8ms (bundled)
10:07:17 T:3048630160 M:1838329856 DEBUG: Load DefaultAddSource.png: 2.0ms (bundled)
10:07:17 T:3048630160 M:1838329856 DEBUG: Load list-focus.png: 0.1ms (bundled)
10:07:18 T:3048630160 M:1838342144 DEBUG: SDLKeyboard: scancode: 22, sym: 8, unicode: 8, modifier: 0
10:07:18 T:3048630160 M:1838342144 DEBUG: OnKey: 61448 pressed, action is 9
10:07:18 T:3048630160 M:1838342144 DEBUG: CGUIWindowManager::PreviousWindow: Deactivate
10:07:18 T:3048630160 M:1838342144 DEBUG: ------------------- GUI_MSG_WINDOW_DEINIT
10:07:18 T:3048630160 M:1838342144 DEBUG: Music/Files
10:07:18 T:3048630160 M:1838342144 DEBUG: -------------------
10:07:18 T:3048630160 M:1843130368 DEBUG: CGUIWindowManager::PreviousWindow: Activate new
10:07:18 T:3048630160 M:1843130368 DEBUG: ------------------- GUI_MSG_WINDOW_INIT
10:07:18 T:3048630160 M:1843130368 DEBUG: Home
10:07:18 T:3048630160 M:1843130368 DEBUG: -------------------
10:07:18 T:3048630160 M:1843130368 INFO: Loading skin file: Home.xml
10:07:18 T:3048630160 M:1843130368 DEBUG: Load Home.xml: 19.54ms
10:07:18 T:3048630160 M:1843130368 DEBUG: Load home-button.png: 0.1ms (bundled)
10:07:18 T:3048630160 M:1843130368 DEBUG: Load home-playmedia.png: 0.4ms (bundled)
10:07:18 T:3048630160 M:1843130368 DEBUG: Load home-favourites.png: 0.4ms (bundled)
10:07:18 T:3048630160 M:1843130368 DEBUG: Load home-power.png: 0.4ms (bundled)
10:07:18 T:3048630160 M:1843130368 DEBUG: Alloc resources: 22.40ms (20.14 ms skin load, 0.12 ms preload)
10:07:18 T:3048630160 M:1840979968 DEBUG: Load background-music.jpg: 34.3ms (bundled)
10:07:18 T:3048630160 M:1837281280 DEBUG: Load Background-Home-2.png: 20.8ms (bundled)
10:07:18 T:3048630160 M:1836249088 DEBUG: Load Home-Menu-Back.png: 4.4ms (bundled)
10:07:18 T:3048630160 M:1836249088 DEBUG: Load home-button-focus.gif: 1.5ms (bundled)
10:07:18 T:3048630160 M:1835388928 DEBUG: Load Header.png: 2.9ms (bundled)
10:07:18 T:3048630160 M:1835388928 DEBUG: Load xbmc-logo.png: 1.3ms (bundled)
10:07:18 T:3048630160 M:1834098688 DEBUG: Load Footer.png: 3.2ms (bundled)
10:07:19 T:3048630160 M:1834168320 DEBUG: SDLKeyboard: scancode: 114, sym: 275, unicode: 0, modifier: 0
10:07:19 T:3048630160 M:1834168320 DEBUG: OnKey: 61479 pressed, action is 2
10:07:19 T:3048630160 M:1834082304 DEBUG: Load home-favourites-focus.gif: 37.2ms (bundled)
10:07:20 T:3048630160 M:1834082304 DEBUG: SDLKeyboard: scancode: 114, sym: 275, unicode: 0, modifier: 0
10:07:20 T:3048630160 M:1834082304 DEBUG: OnKey: 61479 pressed, action is 2
10:07:20 T:3048630160 M:1834082304 DEBUG: Load home-favourites.png: 0.4ms (bundled)
10:07:20 T:3048630160 M:1834168320 DEBUG: Load home-power-focus.gif: 26.6ms (bundled)
10:07:20 T:3048630160 M:1834209280 DEBUG: SDLKeyboard: scancode: 36, sym: 13, unicode: 13, modifier: 0
10:07:20 T:3048630160 M:1834209280 DEBUG: OnKey: 61453 pressed, action is 7
10:07:20 T:3048630160 M:1834209280 DEBUG: OnMessage : Translating ActivateWindow(ShutdownMenu)
10:07:20 T:3048630160 M:1834209280 DEBUG: OnMessage : To ActivateWindow(ShutdownMenu)
10:07:20 T:3048630160 M:1834209280 DEBUG: Activating window ID: 10111
10:07:20 T:3048630160 M:1834209280 DEBUG: Checking if window ID 10111 is locked.
10:07:20 T:3048630160 M:1834209280 DEBUG: ------------------- GUI_MSG_WINDOW_INIT
10:07:20 T:3048630160 M:1834209280 DEBUG:
10:07:20 T:3048630160 M:1834209280 DEBUG: -------------------
10:07:20 T:3048630160 M:1834209280 INFO: Loading skin file: DialogButtonMenu.xml
10:07:20 T:3048630160 M:1834209280 DEBUG: Load DialogButtonMenu.xml: 14.10ms
10:07:20 T:3048630160 M:1832484864 DEBUG: Load sub-master-focus.gif: 29.3ms (bundled)
10:07:20 T:3048630160 M:1832484864 DEBUG: Load sub-master-nofocus.png: 0.3ms (bundled)
10:07:20 T:3048630160 M:1830506496 DEBUG: Load sub-nomaster-focus.gif: 29.5ms (bundled)
10:07:20 T:3048630160 M:1830461440 DEBUG: Load sub-nomaster-nofocus.png: 0.3ms (bundled)
10:07:20 T:3048630160 M:1828569088 DEBUG: Load sub-info-focus.gif: 29.3ms (bundled)
10:07:20 T:3048630160 M:1828569088 DEBUG: Load sub-info-nofocus.png: 0.3ms (bundled)
10:07:21 T:3048630160 M:1826676736 DEBUG: Load sub-logoff-focus.gif: 29.1ms (bundled)
10:07:21 T:3048630160 M:1826676736 DEBUG: Load sub-logoff-nofocus.png: 0.3ms (bundled)
10:07:21 T:3048630160 M:1824751616 DEBUG: Load sub-exit-focus.gif: 29.4ms (bundled)
10:07:21 T:3048630160 M:1824751616 DEBUG: Load sub-exit-nofocus.png: 0.3ms (bundled)
10:07:21 T:3048630160 M:1824751616 DEBUG: Load sub-shutdown-nofocus.png: 0.3ms (bundled)
10:07:21 T:3048630160 M:1822687232 DEBUG: Load sub-suspend-focus.gif: 14.3ms (bundled)
10:07:21 T:3048630160 M:1822687232 DEBUG: Load sub-suspend-nofocus.png: 0.1ms (bundled)
10:07:21 T:3048630160 M:1820794880 DEBUG: Load sub-favs-focus.gif: 14.1ms (bundled)
10:07:21 T:3048630160 M:1820794880 DEBUG: Load sub-favs-nofocus.png: 0.1ms (bundled)
10:07:21 T:3048630160 M:1818730496 DEBUG: Load sub-reboot-focus.gif: 14.4ms (bundled)
10:07:21 T:3048630160 M:1818730496 DEBUG: Load sub-reboot-nofocus.png: 0.2ms (bundled)
10:07:21 T:3048630160 M:1817198592 DEBUG: Load sub-eject-focus.gif: 14.2ms (bundled)
10:07:21 T:3048630160 M:1817198592 DEBUG: Load sub-eject-nofocus.png: 0.1ms (bundled)
10:07:21 T:3048630160 M:1815248896 DEBUG: Load sub-shutdown-focus.gif: 14.0ms (bundled)
10:07:21 T:3048630160 M:1815248896 DEBUG: Alloc resources: 245.40ms (14.54 ms skin load, 5.22 ms preload)
10:07:21 T:3048630160 M:1815248896 DEBUG: Load sub-background.png: 0.1ms (bundled)
10:07:21 T:3048630160 M:1815248896 DEBUG: Load sub-background-label.png: 0.0ms (bundled)
10:07:23 T:3048630160 M:1815134208 DEBUG: SDLKeyboard: scancode: 113, sym: 276, unicode: 0, modifier: 0
10:07:23 T:3048630160 M:1815134208 DEBUG: OnKey: 61477 pressed, action is 1
10:07:23 T:3048630160 M:1815134208 DEBUG: SDLKeyboard: scancode: 36, sym: 13, unicode: 13, modifier: 0
10:07:23 T:3048630160 M:1815134208 DEBUG: OnKey: 61453 pressed, action is 7
10:07:23 T:3048630160 M:1815134208 DEBUG: OnMessage : Translating dialog.close(all,true)
10:07:23 T:3048630160 M:1815134208 DEBUG: OnMessage : To dialog.close(all,true)
10:07:23 T:3048630160 M:1815134208 DEBUG: ------------------- GUI_MSG_WINDOW_DEINIT
10:07:23 T:3048630160 M:1815134208 DEBUG:
10:07:23 T:3048630160 M:1815134208 DEBUG: -------------------
10:07:23 T:3048630160 M:1816248320 DEBUG: OnMessage : Translating XBMC.Quit()
10:07:23 T:3048630160 M:1816248320 DEBUG: OnMessage : To XBMC.Quit()
10:07:23 T:3048630160 M:1816276992 NOTICE: Storing total System Uptime
10:07:23 T:3048630160 M:1816276992 NOTICE: Saving settings
10:07:23 T:3048630160 M:1816276992 NOTICE: stop all
10:07:23 T:3048630160 M:1816276992 DEBUG: NetworkMessage - Stopping network services
10:07:23 T:3048630160 M:1816276992 NOTICE: ES: Stopping event server
10:07:23 T:3048630160 M:1816276992 DEBUG: CZeroconfAvahi::doRemoveService named: servers.eventserver
10:07:24 T:2997062544 M:1816260608 NOTICE: ES: UDP Event server stopped
10:07:24 T:2997062544 M:1816260608 DEBUG: Thread 2997062544 terminating
10:07:24 T:2988669840 M:1816260608 NOTICE: DS: DBUS server stopped
10:07:24 T:2988669840 M:1816260608 DEBUG: Thread 2988669840 terminating
10:07:24 T:3048630160 M:1816260608 NOTICE: stopping zeroconf publishing
10:07:24 T:3048630160 M:1816260608 NOTICE: stop dvd detect media
10:07:24 T:2979384208 M:1816260608 DEBUG: Thread 2979384208 terminating
10:07:24 T:3048630160 M:1816260608 NOTICE: clean cached files!
10:07:24 T:3048630160 M:1816260608 NOTICE: unload skin
10:07:24 T:3048630160 M:1816203264 DEBUG: ------------------- GUI_MSG_WINDOW_DEINIT
10:07:24 T:3048630160 M:1816203264 DEBUG: Home
10:07:24 T:3048630160 M:1816203264 DEBUG: -------------------
10:07:24 T:3048630160 M:1843118080 DEBUG: ------------------- GUI_MSG_WINDOW_DEINIT
10:07:24 T:3048630160 M:1843118080 DEBUG: Sort by: Size
10:07:24 T:3048630160 M:1843118080 DEBUG: -------------------
10:07:24 T:3048630160 M:1843118080 DEBUG: ------------------- GUI_MSG_WINDOW_DEINIT
10:07:24 T:3048630160 M:1843118080 DEBUG:
10:07:24 T:3048630160 M:1843118080 DEBUG: -------------------
10:07:24 T:3048630160 M:1843744768 NOTICE: stop python
10:07:24 T:3048630160 M:1843744768 NOTICE: stopped
10:07:24 T:3048630160 M:1843744768 NOTICE: destroy
10:07:24 T:3048630160 M:1843744768 NOTICE: unload sections
10:07:24 T:3048630160 M:1843744768 DEBUG: SECTION:UnloadAll(DLL: /usr/lib/libcurl.so)
10:07:24 T:3048630160 M:1843744768 DEBUG: Unloading: libcurl.so
10:07:24 T:3048630160 M:1843744768 DEBUG: SECTION:UnloadAll(DLL: special://xbmc/system/players/dvdplayer/avutil-49-i486-linux.so)
10:07:24 T:3048630160 M:1843744768 DEBUG: Unloading: avutil-49-i486-linux.so
10:07:24 T:3048630160 M:1843744768 DEBUG: SECTION:UnloadAll(DLL: special://xbmc/system/players/dvdplayer/avcodec-52-i486-linux.so)
10:07:24 T:3048630160 M:1843744768 DEBUG: Unloading: avcodec-52-i486-linux.so
10:07:24 T:3048630160 M:1846648832 DEBUG: SECTION:UnloadAll(DLL: special://xbmc/system/players/dvdplayer/swscale-0.6.1-i486-linux.so)
10:07:24 T:3048630160 M:1846648832 DEBUG: Unloading: swscale-0.6.1-i486-linux.so
10:07:24 T:3048630160 M:1846906880 DEBUG: SECTION:UnloadAll(DLL: special://xbmc/system/players/dvdplayer/libdts-i486-linux.so)
10:07:24 T:3048630160 M:1846906880 DEBUG: Unloading: libdts-i486-linux.so
10:07:24 T:3048630160 M:1846906880 NOTICE: performance statistics
10:07:25 T:3048630160 M:1846906880 INFO: DumpStats - estimated error: 0.000002
10:07:25 T:3048630160 M:1846906880 INFO: DumpStats - ignore user/sys values when sample count is low
10:07:25 T:3048630160 M:1846906880 INFO: DumpStats - counter . avg duration: <0.000099 sec>, avg user: <0.000000>, avg sys: <0.000000> (647 samples)
10:07:25 T:3048630160 M:1846906880 INFO: DumpStats - counter . avg duration: <0.003197 sec>, avg user: <0.000000>, avg sys: <0.000000> (3317 samples)
10:07:25 T:3048630160 M:1846906880 INFO: DumpStats - counter . avg duration: <0.000282 sec>, avg user: <0.000005>, avg sys: <0.000000> (3317 samples)
10:07:25 T:3048630160 M:1846906880 INFO: DumpStats - counter . avg duration: <0.003023 sec>, avg user: <0.000000>, avg sys: <0.000000> (3317 samples)
10:07:25 T:3048630160 M:1846906880 INFO: DumpStats - counter . avg duration: <0.000002 sec>, avg user: <0.000000>, avg sys: <0.000000> (3317 samples)
10:07:25 T:3048630160 M:1846906880 INFO: DumpStats - counter . avg duration: <0.000145 sec>, avg user: <0.000000>, avg sys: <0.000000> (3317 samples)
10:07:25 T:3048630160 M:1846906880 INFO: DumpStats - counter . avg duration: <0.035326 sec>, avg user: <0.000016>, avg sys: <0.000023> (3423 samples)
10:07:25 T:3048630160 M:1846906880 INFO: DumpStats - counter . avg duration: <0.000114 sec>, avg user: <0.000000>, avg sys: <0.000000> (647 samples)
10:07:25 T:3048630160 M:1846906880 INFO: DumpStats - counter . avg duration: <0.000377 sec>, avg user: <0.000000>, avg sys: <0.000000> (3422 samples)
10:07:25 T:3048630160 M:1846906880 INFO: DumpStats - counter . avg duration: <0.008269 sec>, avg user: <0.000016>, avg sys: <0.000023> (3423 samples)
10:07:25 T:3048630160 M:1846906880 INFO: DumpStats - counter . avg duration: <0.014530 sec>, avg user: <0.008001>, avg sys: <0.000000> (1 samples)
10:07:25 T:3048630160 M:1846906880 INFO: DumpStats - counter . avg duration: <0.004216 sec>, avg user: <0.000000>, avg sys: <0.000000> (2 samples)
10:07:25 T:3048630160 M:1846906880 INFO: DumpStats - counter . avg duration: <0.001805 sec>, avg user: <0.000000>, avg sys: <0.000000> (1 samples)
10:07:25 T:3048630160 M:1846906880 INFO: DumpStats - counter . avg duration: <0.006595 sec>, avg user: <0.004000>, avg sys: <0.000000> (3 samples)
10:07:25 T:3048630160 M:1846906880 INFO: DumpStats - counter . avg duration: <0.040299 sec>, avg user: <0.008001>, avg sys: <0.000000> (1 samples)
10:07:25 T:3048630160 M:1846906880 INFO: DumpStats - counter . avg duration: <0.002146 sec>, avg user: <0.000000>, avg sys: <0.000000> (1 samples)
10:07:25 T:3048630160 M:1846906880 INFO: DumpStats - counter . avg duration: <0.021227 sec>, avg user: <0.003200>, avg sys: <0.000800> (5 samples)
10:07:25 T:3048630160 M:1846906880 INFO: DumpStats - counter . avg duration: <0.053873 sec>, avg user: <0.040003>, avg sys: <0.000000> (1 samples)
10:07:25 T:3048630160 M:1846906880 INFO: DumpStats - counter . avg duration: <0.049284 sec>, avg user: <0.018001>, avg sys: <0.000000> (2 samples)
10:07:25 T:3048630160 M:1846906880 INFO: DumpStats - counter . avg duration: <0.001873 sec>, avg user: <0.000000>, avg sys: <0.000000> (1 samples)
10:07:25 T:3048630160 M:1846906880 INFO: DumpStats - counter . avg duration: <0.014165 sec>, avg user: <0.004000>, avg sys: <0.000000> (2 samples)
10:07:25 T:3048630160 M:1846906880 INFO: DumpStats - counter . avg duration: <0.012019 sec>, avg user: <0.004000>, avg sys: <0.000000> (1 samples)
10:07:25 T:3048630160 M:1846906880 INFO: DumpStats - counter . avg duration: <0.005882 sec>, avg user: <0.000000>, avg sys: <0.000000> (1 samples)
10:07:25 T:3048630160 M:1846906880 INFO: DumpStats - counter . avg duration: <0.001976 sec>, avg user: <0.000000>, avg sys: <0.000000> (1 samples)
10:07:25 T:3048630160 M:1846906880 INFO: DumpStats - counter . avg duration: <0.003760 sec>, avg user: <0.004000>, avg sys: <0.000000> (2 samples)
10:07:25 T:3048630160 M:1846906880 INFO: DumpStats - counter . avg duration: <0.002626 sec>, avg user: <0.000000>, avg sys: <0.000000> (4 samples)
10:07:25 T:3048630160 M:1846906880 INFO: DumpStats - counter . avg duration: <0.038688 sec>, avg user: <0.000022>, avg sys: <0.000025> (3263 samples)
10:07:25 T:2895485840 M:1846992896 DEBUG: Audioscrobbler worker thread stopping
10:07:25 T:2895485840 M:1846992896 DEBUG: Thread 2895485840 terminating
10:07:25 T:3048630160 M:1846992896 INFO: lastfm destroyed
10:07:25 T:3048630160 M:1846992896 DEBUG: object 0 --> 0 instances
10:07:25 T:3048630160 M:1846992896 DEBUG: object 1 --> 0 instances
10:07:25 T:3048630160 M:1846992896 DEBUG: object 2 --> 12 instances
10:07:25 T:3048630160 M:1846992896 DEBUG: object 3 --> 0 instances
10:07:25 T:3048630160 M:1846992896 DEBUG: object 4 --> 0 instances
10:07:25 T:3048630160 M:1846992896 DEBUG: object 5 --> 0 instances
10:07:25 T:3048630160 M:1846992896 DEBUG: object 6 --> 0 instances
10:07:25 T:3048630160 M:1846992896 DEBUG: object 7 --> 0 instances
10:07:25 T:3048630160 M:1846992896 DEBUG: object 8 --> 0 instances
10:07:25 T:3048630160 M:1846992896 DEBUG: object 9 --> 0 instances